it of t?
0
Let j(o) = 110*o + 55. Let z be j(-31). What is the tens digit of (3/2)/(z/(-670) + -5)?
0
Suppose -1 - 14 = -3*d. Suppose d*w = -10, -4*n - 3*w - 12 + 94 = 0. Let z = 24 - n. What is the units digit of z?
2
Let a(s) = 2*s + 2*s - 5*s - 3 + 3*s. What is the tens digit of a(12)?
2
What is the units digit of 18/4*(-2132)/(-39)?
6
Let k = 3771 + -1420. What is the thousands digit of k?
2
Suppose -13*i + 11*i + 368 = 0. What is the units digit of i?
4
Suppose 16 = 6*c - 2. What is the tens digit of (-26)/3*(-30)/(c + -1)?
3
Suppose 12*u - 28490 = u. What is the units digit of u?
0
Let l = -401 - -739. What is the units digit of l?
8
Let u(w) = 7*w**2 - 28*w - 114. What is the tens digit of u(-11)?
4
Suppose 5*t = -0*t - 165. Let l be (-8)/12*(-93)/1. Let r = l + t. What is the units digit of r?
9
Let b(x) = -x**2 - 7*x + 5. Let y be b(-7). Suppose y*g - 17 = 3*f, -g + 0*f + 7 = 3*f. What is the units digit of (60/(-2))/((-6)/g)?
0
Suppose 116*t = 31*t + 373830. What is the hundreds digit of t?
3
Let x be 3 + -3 + 2 + 3. What is the hundreds digit of ((-9945)/(-25))/3 - (-2)/x?
1
Let f = 2010 - 813. What is the hundreds digit of f?
1
Let u = -39 + 39. Suppose 12*l - 464 - 88 = u. What is the units digit of l?
6
Suppose 8*q - 32 = -0*q. Suppose q = -2*m, 2*t + 6*m = 2*m + 132. What is the units digit of t?
0
Let y(k) = -k**3. Let f be y(0). Suppose f*c = -3*c - 1242. What is the tens digit of c/12*2/(-3)?
2
Suppose 0 = 5*c - 1672 - 2928. What is the tens digit of c?
2
Let l(d) = 16 + 38 + 14*d - 8*d - 7*d. What is the units digit of l(0)?
4
Let a(n) = n**2 - 2*n - 12. Suppose 3*o + 1 = 25. What is the tens digit of a(o)?
3
Let m(c) be the third derivative of -c**6/120 - c**5/15 + c**4/8 + c**3 - 14*c**2. What is the units digit of m(-6)?
0
Let h be 6/(-10)*(-5 + 0/(-2)). Suppose -5*x + 4*n = -834, h*n = 8*x - 7*x - 169. What is the units digit of x?
6
Let x(p) = 63*p + 6. Let g be x(5). What is the tens digit of 5/(-10) + (-5)/((-10)/g)?
6
Let u(h) = -h. Let v(t) = t**2 - 9. Let a(k) = 6*u(k) + v(k). What is the tens digit of a(-9)?
2
Suppose 3*j + 4 - 1 = 3*i, 3*i - 4 = 2*j. What is the units digit of 2/((-16)/(-324))*i?
1
Let i = -15 + 8. Let w(j) = -5 + 0*j - 4 - j**3 - 7*j**2 - 3*j - 1. What is the tens digit of w(i)?
1
Let z(q) = 2*q + 324. Let m be (1/4*0)/5. What is the tens digit of z(m)?
2
Suppose 0 = -138*p + 140*p - 1674. What is the units digit of p?
7
What is the hundreds digit of (-6)/(-8)*((-4828)/(-2) + -10)?
8
Let d = -25 - -314. What is the tens digit of d?
8
Suppose 3*n + j - 11 = 0, 4*n - 3*j = 7*n - 21. Suppose -3*t = -268 - n. What is the tens digit of t?
9
Suppose -f + 2*f - 48 = 0. Suppose -3*m = m + f. Let h = m - -19. What is the units digit of h?
7
Let d = 1279 + -757. Suppose -2*r = -4*o - d, 0*o - 5*o = 3*r - 816. Suppose -4*j + r = 55. What is the units digit of j?
3
Let m(r) = 3*r**3 + 3*r**2 - 3*r + 19. Let x(n) = n**3 + n**2 - n + 6. Let y(o) = 6*m(o) - 17*x(o). Let u = -260 + 260. What is the units digit of y(u)?
2
Let l(r) be the first derivative of -r**5/12 - r**4/24 + 2*r**3/3 - 7. Let p(t) be the third derivative of l(t). What is the tens digit of p(-4)?
3
Suppose 0 = 2*b - 1 - 11. Suppose 3*h - b = 3. Suppose 0*f + 4*f - 81 = h*p, 3*p - 111 = -4*f. What is the tens digit of f?
2
Suppose 0 = -3*h - 3*o + 30, -4*o - 2 = -3*o. Suppose 4*p - p + h = 2*t, -5*p - 2*t - 36 = 0. What is the tens digit of p/(-15) + (-339)/(-15)?
2
Let u = 22 + -20. Suppose -u*a - 3 = -y + 139, 0 = -3*y - 12. Let h = -43 - a. What is the tens digit of h?
3
Suppose -3*n = 2*p - 8, -4*n + 7*n + p - 10 = 0. Suppose -4*h - 5*a + 204 = 0, n*h + 2*a + 64 = 5*h. What is the tens digit of h?
5
Let i be (-2)/(-3) + (-1240)/(-12). Suppose 13*c - 14*c = -i. What is the hundreds digit of c?
1
Let o(i) = i**3 + 10*i**2 - 11*i + 3. Let s be o(-11). Suppose 3*t - 5*u - 408 = 229, s*t - 625 = -u. What is the units digit of t?
9
Let q(f) = -3*f**2 + 6*f**2 - f**2 - 6*f - 3*f**2. Let p be q(-6). Suppose 5*v - 3*j - 3 = 22, -j = p. What is the units digit of v?
5
Suppose 3*i - 330 = i + 5*h, -5*i + 804 = -2*h. What is the hundreds digit of i?
1
Suppose -218 = -6*s - 50. Let c = -9 - -18. What is the tens digit of (-10 + c)/((-1)/s)?
2
Let k(g) = -g**2 - 5*g. Suppose 2*u + 2*y = -3 - 3, 0 = -y + 3. Let p be k(u). What is the tens digit of (-96)/(-9) + 4/p?
1
Let v(r) = 15*r - 2. Let z be v(5). What is the tens digit of z - (-3)/2*4/6?
7
Suppose 8*b - 10 = -26. Suppose 3*h + j - 14 = 0, -3*j + 8*j = -3*h + 34. What is the units digit of h - (-51 + (b - -5))?
1
Suppose -3*y = -1 + 7, -4*y - 96 = -4*r. What is the tens digit of -2 - -5 - (2 - (r - -1))?
2
Let a = 135 + 255. What is the hundreds digit of a?
3
Suppose 2*f = 2*l + 72, 3*f - 133 = -0*f - 2*l. Let g = 24 - f. Let s = 25 + g. What is the units digit of s?
8
Let k(p) be the first derivative of 7*p**4/4 - p**3/3 + p**2 + p + 8. What is the tens digit of k(2)?
5
Suppose -4*t = 2*c - 54, -t - 39 = -2*c - 0*c. Let w be 14/c - (-188)/6. What is the units digit of ((-3)/6)/((-1)/w)?
6
Let h be -1*(-1)/((-4)/40). Let g = 13 + h. Suppose g*i = -4*r + 56, -3*i - 15 = -4*i - 5*r. What is the tens digit of i?
2
Suppose 0*o - 2480 = -2*o - 3*m, -4*o + 4920 = -4*m. What is the thousands digit of o?
1
Let h(f) = f**3 - 41*f**2 - 28*f - 233. What is the tens digit of h(43)?
6
Let q be 11/(-3) - (19/3 + -7). Let l(n) = -2*n + 3*n + 1 + 3*n**2 + 2*n. What is the units digit of l(q)?
9
Suppose 5*p - 3*n = 2994, -5*p = -5*n + 465 - 3455. What is the units digit of p?
0
Suppose 31*o - 12443 = 5010. What is the tens digit of o?
6
Let g(m) = -m**3 + 6*m**2 - 6*m + 6. Let t be g(5). Let q(r) = 67*r - 11. Let d(k) = -33*k + 5. Let s(c) = -13*d(c) - 6*q(c). What is the units digit of s(t)?
8
Let g(x) = x**2 + 9*x + 3. Let z be g(-9). Suppose -z*s - 44 = -2*a, -s = s + 4*a + 24. What is the tens digit of 274/10 - s/(-35)?
2
Let h be 2/(-9) + (-125)/45. What is the units digit of h + 60/(20/5)?
2
Suppose -16*v = -3679 - 5057. What is the units digit of v?
6
Let w(g) = -g**3 - 7*g**2 - 12*g - 2. Let h be w(-5). Let o be (-7)/(28/h) + -1. Let q = o - -18. What is the units digit of q?
5
Suppose -16*j = -19*j + 846. What is the units digit of j?
2
What is the thousands digit of ((-146)/4)/(248/(-240) + 1)?
1
Let o(s) = 25*s**2 - 12*s - 14. What is the units digit of o(-5)?
1
Let q be (-1)/(-4 + (-35)/(-10)). Suppose 4*k - 95 - 45 = 4*l, -66 = -q*k + l. What is the units digit of k?
1
Let p = 77 - 74. Suppose 572 = 2*y + p*y + d, 0 = y + d - 116. What is the tens digit of y?
1
Suppose -2*l = -5*v - 60605, 2*l + 6*v = 5*v + 60599. What is the units digit of 2/11*-1 - l/(-275)?
0
Let h = 3 + 8. Let v be (-32)/(-3)*(h - -1). Suppose v = 4*s - 0*s. What is the units digit of s?
2
Let d(f) be the first derivative of f**3/3 - 5*f**2 + 3*f - 4. Let h be d(10). Suppose -7 = -m + 4*s, 4*s + 0*s - 101 = -h*m. What is the units digit of m?
7
Suppose -5*r = -4*q - 4714, 2*q - 954 = 43*r - 44*r. What is the tens digit of r?
4
Let v be (30*1)/((-48)/(-64)). Let x = v + -38. What is the units digit of x?
2
Suppose -2*u + 3*n + 16 = 0, -2*n = -3*u - 0*n + 29. Let s = 18 - u. Suppose -2*i - s = -9. What is the units digit of i?
1
Suppose -3 = 3*q, 0*a - 4*a = -q + 47. Let b(p) = -5*p - 28. What is the tens digit of b(a)?
3
Let u(t) = t**2 - 3*t**3 + 5*t - 2*t**2 - 4 + 4*t**3 - 4*t**2. Let a be u(4). Let m = 26 + a. What is the units digit of m?
6
Suppose -3*j + 3 = -6. Suppose -j*t + 0*q - q = 36, -t = -5*q + 28. What is the units digit of t/(3*(-1)/6)?
6
Let l = -4 - -16. Suppose -z - 2*b = -6*z + 22, -4*z - 4*b = -l. Suppose -2*n - z*o = -48, 2*n + 4*o - 34 = n. What is the tens digit of n?
1
Suppose 3*u = 3*p + 15, -4*u + 0*p = 3*p - 48. Suppose 35 + u = n. What is the tens digit of n?
4
Let m = 19 - 7. Suppose 3*s - 26 = -2*h, -h = -0*h + s - m. Suppose 91 = 4*l - 0*l + 5*t, l = 3*t + h. What is the units digit of l?
9
Suppose -o + 102 = -2*x, -4*o + 0*o = x - 444. What is the hundreds digit of o?
1
Let z(j) = -10*j + 33. Let s be z(16). Let y = s + 183. What is the units digit of y?
6
Let a be 1/(-2) - (9/(-2) - -4). What is the units digit of a - 3 - -62 - (-1 - 0)?
0
Suppose -x = 2*x. Suppose 4*v = -x*v + 80. Suppose 2*w + v